test common factor of d and 12.
3
Let f be (-110169)/(-99) - (-3 - 31/(-11)). Calculate the highest common factor of 21 and f.
21
Let f = 59 - 42. Let n be 7/14 - 2626/4. Let t be 6*(n/(-60) + (-6)/(-15)). What is the highest common factor of t and f?
17
Suppose 0 = 2*c + 3*c + 5, c + 171 = -5*h. Let j = h + 14. Let u be 70/8 + (-5)/j. Calculate the highest common factor of 9 and u.
9
Let i(t) = 9*t - 58. Let f be i(7). Suppose 4*y - 644 = -f*x, -4*y + 339 - 883 = -4*x. Calculate the greatest common factor of x and 24.
12
Let u(s) = s**2 + 1. Let y(b) = -2*b**3 + b**2 - 2*b + 6. Let n(r) = -5*u(r) + y(r). Let z be n(-3). What is the greatest common factor of 125 and z?
25
Let n be ((-132)/16)/(6/(-8)). Calculate the highest common factor of 88 and n.
11
Let n be 2 + -2 + (3 - -141). Suppose -7*t + 72 = -3*t. What is the greatest common factor of t and n?
18
Let g be 115 - (4 - 1 - 2). Let b be g/14 + (-3)/21. Let j(n) = -n**2 + 7*n + 10. Let s be j(b). Calculate the greatest common divisor of s and 18.
2
Suppose 4*p - 2*d = 122, 15*p - d = 19*p - 107. Calculate the greatest common divisor of p and 112.
28
Let c = 301 - 277. Calculate the highest common divisor of c and 36.
12
Let c(g) = 2*g + 92. Let x be c(26). Calculate the greatest common divisor of 112 and x.
16
Suppose 5*m - 114 = 21. Suppose -81*b - 216 = -99*b. Let c = m + b. What is the highest common divisor of 195 and c?
39
Let g = 115 + -60. Suppose 5*f = -10 - g. Let d = 27 + f. Calculate the highest common factor of 35 and d.
7
Suppose -2*i - 2 = -3*i. Let k(z) = 5*z**2 + 2 - z**i - 3*z**2 + 10. Let t be k(0). What is the greatest common divisor of 132 and t?
12
Let l(p) = -p**3 + 29*p**2 - 74*p - 74. Let z be l(26). Calculate the highest common factor of 120 and z.
30
Suppose 7 = t - 7. Suppose 4*b - 4*d = 88 - 0, -4*d + t = 2*b. Let f be -20*(b + 3)/(-4). Calculate the greatest common divisor of 20 and f.
20
Suppose -t - 2*t + 78 = 0. Let h = 278 + -187. Calculate the greatest common divisor of t and h.
13
Let r = -22 - -13. Let a be ((110/(-4))/(-5))/(r/(-198)). What is the highest common factor of a and 11?
11
Suppose 0 = 4*v - 20 + 60. Let h be 14/(-5)*v/4. Let f(i) = i**2 - 5*i - 7. Let s be f(h). What is the highest common factor of s and 63?
7
Let c(r) = -27*r + 221. Let u be c(8). What is the greatest common factor of u and 17?
1
Suppose -2*g = -31 + 107. Suppose 0 = -2*a + 49 + 73. Let j = g + a. What is the greatest common factor of 184 and j?
23
Suppose 5*n = 3*b + 7, n = 7*b - 10*b + 23. Suppose -4*v + 35 = 3*r + 2*r, 0 = -5*r + 2*v + 5. Calculate the greatest common factor of r and b.
3
Let d be 4 - 4*27/(-6). Let g = 20 - d. Let a be -2 + 24 + (-3 - g). Calculate the greatest common divisor of a and 168.
21
Suppose 0 = -4*m + 6*m + 10, -3*m = -3*g + 30. What is the highest common factor of g and 5?
5
Let x(v) = -5*v**2 - 303*v - 145. Let w be x(-60). Calculate the greatest common divisor of w and 10.
5
Let q be 9 + -6 + 1 + 77. Suppose 4*z + 47 = -17. Let w be (-70)/(-8) - 4/z. What is the greatest common divisor of w and q?
9
Let f(w) = -w**3 - 6*w**2 - 5*w - 9. Let t be f(-4). Let x = t - -34. What is the highest common divisor of 91 and x?
13
Let x(v) = 9*v - 1. Let b be x(1). Let z(u) = 126*u**2 - u + 24. Let l be z(0). Calculate the highest common factor of l and b.
8
Suppose 0 = 3*g - 42 - 18. Let u(b) = b**3 + b**2 + 5. Let o be u(0). Suppose -o = -14*s + 13*s. What is the highest common factor of g and s?
5
Let l(a) = a**3 + a**2 + 2. Let s be l(0). Suppose -4*n + s*h + 15 = -h, 2*n = 2*h + 8. Calculate the greatest common factor of 9 and n.
3
Let n be ((-21)/(-28))/3 + (-1663)/(-4). Calculate the greatest common factor of 52 and n.
52
Let m(t) = -t**2 + 8*t - 14. Let a be ((-8)/(-10))/(2/15). Let v be m(a). Let s = v - -13. What is the greatest common divisor of s and 77?
11
Let a(h) = -h + 17. Let j be a(5). What is the greatest common factor of 4 and j?
4
Let u be 9 + 2 + (3 - 3). Let k = u + 2. Suppose -3*c = 2*c + 4*o - 175, 53 = 2*c + 5*o. What is the greatest common divisor of c and k?
13
Let r be ((-14)/(-21))/((-4)/(-96)). Calculate the greatest common divisor of r and 256.
16
Let x be 242/1210 + 1179/5. Calculate the highest common divisor of 59 and x.
59
Let t(l) = -l**2 + 22*l - 21. Let q be (-9)/36 - (-81)/4. Let n be t(q). Let j = n + -7. What is the highest common divisor of 60 and j?
12
Let r(q) = -q**3 + 8*q**2 + 11*q + 13. Let t be r(9). Let h = 693 + -476. What is the highest common factor of h and t?
31
Suppose -v + 3 = p, 3*v - 1 = 3*p + 8*v. Suppose -h - p = -a - 4, 5*h - 20 = -5*a. Let q = 12 - a. What is the highest common divisor of q and 24?
8
Let k(p) = -p**2 - 5*p + 1. Let b be k(-4). Let x be 2/b + (-3348)/(-30). Let q be 8/36 + 0 - 620/(-45). Calculate the highest common factor of q and x.
14
Let z = -117 - -207. Let x(t) = t**2 - t - 2. Let u be x(4). Calculate the highest common factor of z and u.
10
Let x = 0 + 1. Suppose -4*m + 4*n = -16, 5*n = -m - x - 1. Let g = 30 - m. Calculate the highest common factor of g and 18.
9
Suppose 5*l + 3*r = l + 140, -5*l = 3*r - 172. What is the greatest common factor of 12 and l?
4
Suppose -3*m = 4*v - 119, m - 2*m + 8 = -5*v. What is the greatest common factor of 3 and m?
3
Let s be (-620)/(-14) + 4/(-14). Let h(f) = f**3 + 10*f**2 - 2*f - 9. Let o be h(-10). What is the greatest common factor of s and o?
11
Let f = -21 - -25. Suppose a + f*g - 18 = 0, -4*a + 10 + 28 = -g. Suppose -5*i = -227 - 273. Calculate the greatest common divisor of i and a.
10
Let y = 0 + 1. Let l = 121 + -171. Let q = -41 - l. Calculate the greatest common divisor of q and y.
1
Suppose -5 + 20 = 3*a. Suppose 75 = a*w + 5*m, 33 = 5*w - 3*m - 26. Calculate the greatest common factor of w and 13.
13
Let o = 25 + -4. Suppose 5*a + 113 = 413. Suppose -2*q = -354 + a. Calculate the highest common divisor of q and o.
21
Let n = -1009 + 1195. What is the highest common divisor of 6 and n?
6
Suppose 0 = 2*l + p - 87, 0 = -0*p - 5*p - 5. Let a be ((-3)/(-12))/(1/l). Calculate the greatest common divisor of 88 and a.
11
Let s be (20/10)/(4/18). Suppose 0*d = d - 9. Calculate the highest common factor of s and d.
9
Let j(i) = i + 25. Let f be j(-18). What is the greatest common divisor of f and 1001?
7
Suppose -o - 73 = -4*k, -2*k + 34 + 1 = -o. Let x = k + 65. What is the highest common divisor of x and 28?
28
Suppose -2*f = 5*m - 218, -f + 6 + 85 = -2*m. What is the greatest common divisor of f and 22?
11
Suppose -3*k + 5*k = c - 35, 3*c - 72 = -5*k. What is the highest common factor of c and 1?
1
Suppose 0 = 2*h - 9 - 9. Suppose -11 = -4*r + h. Let w be 6*((-80)/(-6))/r. What is the highest common factor of 2 and w?
2
Let a = 25 - 25. Suppose 12*o - 8*o - 52 = a. What is the highest common factor of o and 26?
13
Suppose 0 = -44*l + 27*l + 1105. What is the greatest common divisor of l and 1495?
65
Let g(x) = 4*x**3 - 6*x**2 + 11*x. Let l be g(5). Let i = 60 - 15. Calculate the greatest common divisor of i and l.
45
Let z be (-12)/(-24)*16 + 1412. What is the greatest common divisor of z and 40?
20
Let z(k) = 2*k**3 - 7*k**2 + 18. Let v be z(5). Suppose 3*o - v = -3*r, 2*o - 9 = -3. Calculate the greatest common factor of r and 196.
28
Suppose 4*s = x - 9, -45 = -4*x - x + 2*s. Suppose 140 = x*c - 4*c. What is the highest common factor of 280 and c?
28
Suppose 2*u - 230 - 732 = 0. What is the highest common factor of 13 and u?
13
Let z be (4/(-14))/(9/(-63)). Calculate the highest common factor of z and 16.
2
Suppose 300 = 3*u + 2*i, u = -3*i + 2*i + 100. What is the highest common factor of u and 20?
20
Let w be 1/3*60/(-20). Let t be 5 - (6/(-3))/w. Let k(u) = 2*u**2 - 2*u. Let x be k(-3). What is the highest common factor of x and t?
3
Let w be 3 - 3 - 6/(-2). Suppose l - w = -4. Let a = l + 3. What is the greatest common divisor of a and 1?
1
Suppose 5*m + 5 = 0, -2*p + 0*p + 3*m = -7. Let x(f) = 8*f**2 + f + 1. Let n be x(p). What is the highest common factor of n and 14?
7
Suppose 27 = r - 0*r. Let x be 128/416 - 7714/(-26). Calculate the greatest common divisor of x and r.
27
Let i(s) = 8*s - 5. Let k(b) = -8*b + 5. Let x(a) = -5*i(a) - 6*k(a). Let u be x(1). What is the highest common divisor of 3 and u?
3
Let